 of 715910 and 10.
10
Calculate the greatest common factor of 206066 and 46494.
574
Calculate the highest common divisor of 133 and 31787.
133
What is the highest common divisor of 44641 and 4?
1
What is the highest common factor of 678455 and 87?
29
What is the greatest common factor of 3363 and 1416?
177
What is the highest common divisor of 142734 and 30?
6
What is the greatest common divisor of 10 and 65470?
10
Calculate the greatest common divisor of 26032 and 16.
16
What is the greatest common divisor of 102 and 5496?
6
What is the highest common divisor of 4891618 and 2?
2
What is the greatest common divisor of 4270 and 15890?
70
What is the greatest common divisor of 83569 and 433?
433
What is the greatest common factor of 1072 and 4154?
134
Calculate the highest common divisor of 360 and 99210.
30
What is the highest common divisor of 422042 and 4?
2
Calculate the greatest common divisor of 13030 and 50.
10
Calculate the greatest common factor of 50 and 1146725.
25
Calculate the greatest common divisor of 1472 and 186392.
184
Calculate the greatest common factor of 11 and 4277075.
11
What is the greatest common divisor of 616 and 11550?
154
Calculate the highest common factor of 39 and 43706.
13
What is the highest common divisor of 219000 and 146?
146
Calculate the greatest common divisor of 62490 and 54.
6
What is the greatest common divisor of 19234 and 5216?
326
Calculate the highest common divisor of 80 and 3992.
8
Calculate the greatest common divisor of 203497 and 49.
49
What is the highest common factor of 525 and 23457?
21
What is the greatest common divisor of 13979 and 84?
7
Calculate the highest common factor of 2537 and 213667.
43
What is the highest common factor of 1818 and 12078?
18
Calculate the greatest common factor of 6470 and 74.
2
Calculate the highest common factor of 154035 and 8965.
815
What is the highest common factor of 1024 and 1194496?
512
What is the highest common divisor of 500 and 541900?
100
What is the greatest common divisor of 256 and 104336?
16
What is the highest common divisor of 369 and 2378?
41
Calculate the greatest common divisor of 5922 and 1764.
126
What is the greatest common factor of 4455 and 1578555?
1485
What is the greatest common factor of 136 and 31739?
17
Calculate the highest common divisor of 1984 and 1426.
62
What is the highest common factor of 10953 and 3276?
9
Calculate the greatest common divisor of 174 and 4103703.
87
What is the highest common divisor of 4431 and 14343?
21
What is the highest common divisor of 25865 and 70?
35
What is the greatest common divisor of 6001 and 187?
17
What is the greatest common factor of 1440 and 499840?
160
Calculate the greatest common divisor of 7133 and 49.
7
What is the highest common factor of 461340 and 1080?
180
What is the greatest common factor of 13648156 and 76?
76
Calculate the highest common factor of 7319 and 598.
13
What is the greatest common factor of 69 and 163599?
69
Calculate the greatest common factor of 521053 and 1937.
1937
Calculate the greatest common divisor of 54 and 29118.
6
Calculate the highest common factor of 90351 and 27.
9
Calculate the greatest common factor of 1290 and 3570.
30
What is the greatest common factor of 26404 and 1564?
92
What is the highest common divisor of 91195 and 2015?
65
Calculate the highest common divisor of 63 and 17883.
9
What is the highest common divisor of 67802 and 5336?
58
What is the highest common divisor of 273519 and 9?
9
What is the highest common factor of 54162 and 132?
6
What is the greatest common divisor of 565845 and 37485?
1785
What is the highest common divisor of 39 and 348465?
39
What is the greatest common factor of 1122 and 7458?
66
What is the highest common divisor of 240 and 7?
1
Calculate the greatest common factor of 19885 and 155.
5
Calculate the greatest common divisor of 563160 and 24.
24
What is the highest common factor of 1428 and 15225?
21
What is the highest common factor of 2613960 and 216?
72
Calculate the highest common divisor of 7138 and 946.
86
What is the highest common factor of 396 and 129042?
18
What is the highest common factor of 4824 and 900?
36
Calculate the greatest common divisor of 5977723 and 57.
19
Calculate the highest common divisor of 781 and 1329262.
781
What is the highest common divisor of 2868 and 708?
12
Calculate the greatest common factor of 6125 and 1519.
49
What is the highest common factor of 943110 and 280?
70
What is the greatest common factor of 815856 and 23?
23
What is the greatest common factor of 1056 and 20256?
96
Calculate the greatest common divisor of 6116176 and 59.
59
What is the greatest common divisor of 15648 and 288?
96
Calculate the highest common divisor of 64953 and 42.
21
What is the greatest common divisor of 5 and 157200?
5
What is the greatest common factor of 22816 and 20336?
496
Calculate the highest common divisor of 250380 and 36.
36
Calculate the highest common divisor of 28122 and 69978.
654
What is the highest common factor of 30 and 14560?
10
Calculate the highest common factor of 286931 and 83.
83
Calculate the greatest common factor of 73762 and 1586.
26
Calculate the highest common divisor of 18560 and 2288.
16
Calculate the highest common divisor of 3736 and 90131.
467
Calculate the highest common factor of 8 and 130580.
4
Calculate the highest common factor of 148 and 1278868.
148
Calculate the highest common divisor of 659313 and 54.
27
Calculate the highest common factor of 309375 and 270.
45
What is the highest common factor of 119400 and 900?
300
What is the highest common factor of 16 and 283?
1
Calculate the greatest common divisor of 95 and 27415.
5
What is the highest common factor of 1366424 and 3488?
872
What is the greatest common factor of 710 and 3384570?
710
Calculate the greatest common divisor of 52384 and 560.
16
What is the greatest common factor of 65552 and 164?
4
Calculate the highest common factor of 3510 and 70.
10
What is the highest common divisor of 252 and 38943?
9
Calculate the highest common divisor of 11508 and 15300.
12
Calculate the highest common divisor of 3212 and 6028.
44
Calculate the highest common factor of 244168 and 2576.
184
What is the greatest common factor of 856985 and 101?
101
Calculate the greatest common factor of 20 and 9460.
20
Calculate the greatest common factor of 207 and 54970.
23
What is the highest common divisor of 2258228 and 28?
28
What is the greatest common factor of 106926 and 852?
426
What is the greatest common factor of 7994 and 1442?
14
Calculate the greatest common factor of 1820 and 215540.
260
What is the greatest common divisor of 16156 and 133?
7
What is the greatest common divisor of 27122 and 7258?
382
Calculate the greatest common factor of 1570 and 410.
10
Calculate the highest common factor of 81055 and 754.
377
What is the greatest common factor of 80 and 43460?
20
Calculate the highest common divisor of 537 and 263309.
179
What is the highest common factor of 16081 and 325?
13
What is the greatest common divisor of 3603757 and 521?
521
Calculate the highest common factor of 544 and 84864.
544
What is the greatest common factor of 1594 and 22?
2
What is the greatest common factor of 1109459 and 1612?
403
What is the highest common factor of 10568 and 56?
8
What is the highest common divisor of 2546 and 8978?
134
Calculate the highest common divisor of 9790 and 2640.
110
What is the highest common divisor of 694355 and 551?
19
What is the highest common factor of 144 and 144?
144
Calculate the greatest common divisor of 4972 and 35332.
44
Calculate the greatest common divisor of 6499728 and 432.
144
Calculate the highest common factor of 55493 and 4997.
263
Calculate the greatest common divisor of 142788 and 18093.
489
Calculate the highest common divisor of 10 and 548930.
10
What is the highest common factor of 494675 and 3789?
421
Calculate the greatest common divisor of 104 and 221.
13
Calculate the greatest common divisor of 4680 and 2220.
60
What is the highest common factor of 4473 and 315?
63
What is the greatest common divisor of 97764 and 60?
12
Calculate the highest common divisor of 1212 and 6828.
12
What is the highest common factor of 1876 and 167916?
28
What is the greatest common div